1*c = -9*c. Suppose c = -7*o + 2*o + 350. What are the prime factors of o?
2, 5, 7
Let l(q) = -q**3 + 15*q**2 + 26*q - 17. What are the prime factors of l(11)?
3, 251
List the prime factors of (-8)/100 - 611072/(-275).
2, 11, 101
Let w(c) be the first derivative of 11*c**3/3 - c**2/2 - 6*c - 1. List the prime factors of w(-5).
2, 137
Let h be (1 + 5)/(2*2/(-22)). Let j be 4/(-10) - 308/5. Let m = h - j. List the prime factors of m.
29
Let p(k) = k**3 - k**2 + 5*k + 9. Let m be p(-5). Let y = 346 + m. List the prime factors of y.
2, 3, 5
Suppose 5*a + 2*o + 2 = 5, 0 = -3*a + 4*o + 7. Suppose u = 3 - a. List the prime factors of 55/2 + 1/u.
2, 7
Let d = 21 + 25. Suppose y = -5*q + 37, 2*q + 0*q - d = -y. What are the prime factors of y?
2, 13
Let z be ((0 - 0)/(2/1))/(-2). Suppose -a + 3*i + 19 = z, 3*a = -5*i - 10 + 39. What are the prime factors of a?
13
Let h(f) = -f**3 - 6*f**2 - 6*f - 2. Let m be h(-5). Suppose -m*b + 5*n = 8*n - 570, 0 = n - 2. List the prime factors of b.
2, 47
List the prime factors of (-3)/(-2)*(497 + 37).
3, 89
What are the prime factors of -4 + 11720/30 - (-2)/6?
3, 43
Let w = 100 - 95. Suppose 2*q = q + 5*h + 160, 2*q + w*h - 245 = 0. List the prime factors of q.
3, 5
Let d = -2 + 548. What are the prime factors of d?
2, 3, 7, 13
Suppose -2134 - 71 = -4*r + q, 4*q + 1120 = 2*r. What are the prime factors of r?
2, 5, 11
Suppose -2 - 445 = -m. What are the prime factors of m?
3, 149
Suppose 5*v - 2*f = 9812, -2*v - 5*f = -0*f - 3919. What are the prime factors of v?
2, 3, 109
Let c(f) = -3*f + 69. Let z be c(22). Suppose r = -3*l + 266, 2*r - 834 = -r + z*l. What are the prime factors of r?
5, 11
Suppose 375*k + 1816 = 377*k. What are the prime factors of k?
2, 227
Let a = 221 + -127. What are the prime factors of a?
2, 47
Suppose -4*h - 3*l + 6*l = -276, 5*h - 2*l - 345 = 0. Let a = -12 + -29. Let p = h + a. List the prime factors of p.
2, 7
Let z(l) be the third derivative of 11*l**4/8 - 13*l**3/3 - 7*l**2 - 1. List the prime factors of z(5).
139
Let s(i) be the third derivative of 11*i**4/24 - 61*i**3/6 + 32*i**2. List the prime factors of s(18).
137
Suppose 2*n = 5*q - 22, -3*q - 5 = -5*q - 3*n. Suppose z = 3*z + 10, 0 = g + q*z + 21. What are the prime factors of (20/14)/(g/(-7))?
2, 5
Let b(i) be the third derivative of -19*i**4/24 - 2*i**3/3 + 18*i**2. What are the prime factors of b(-5)?
7, 13
Suppose 5*x - 7 - 8 = 0. Let f(g) = 0*g + g**x + g - 2*g**2 + 0*g - 2*g + 2. What are the prime factors of f(3)?
2
Let d(v) = 1 - 15*v**3 + 2*v + 3*v - 15*v**3 - 3*v + v**2. Let u be (-2)/7 + 15/(-21). What are the prime factors of d(u)?
2, 3, 5
Suppose -5*b = 5*q - 1595, 5*b = b - 2*q + 1284. Let t = 467 - b. What are the prime factors of t?
2, 3
Suppose 15320 = 21*b - b. What are the prime factors of b?
2, 383
Let v be 12/(-9)*(-3)/2. Let f(q) = 0 + 4 + 5*q**2 - q**3 - 5 + 9*q - 15*q**v. What are the prime factors of f(-11)?
3, 7
Suppose 33*w = -55*w + 284768. What are the prime factors of w?
2, 809
Let q(n) = -73*n + 281. List the prime factors of q(-7).
2, 3, 11
Let s(c) = c**2 - 11*c + 12. Let h be s(8). List the prime factors of (h/15)/((-1)/40).
2
List the prime factors of (-1905)/(12/(-4)) + 2.
7, 13
Let z(r) = 120*r + 238. List the prime factors of z(18).
2, 11, 109
Let u be 4/((-12)/183)*-2. Suppose 4*c + u - 34 = 0. Let g = c + 41. What are the prime factors of g?
19
Suppose 110 = 2*b - 136. Let r(n) = -2 - 124*n + b*n + 23*n**2 + 1. What are the prime factors of r(-1)?
23
Let j = 18 - -105. Suppose j = 2*i - 169. List the prime factors of i.
2, 73
Suppose -18*r = -311 - 6979. What are the prime factors of r?
3, 5
Let y(r) = -1 - 2 - 2 + 3*r - 2. Let i = -9 + 16. What are the prime factors of y(i)?
2, 7
Suppose -v + 11 = k - 5*k, -5*k - 10 = 0. Suppose 0 = 5*u - v*z - 511, -4*u + z + 3*z = -404. What are the prime factors of u?
2, 13
Suppose 2*x + m + 5 = 0, 0*m - 2 = -x - 2*m. Let c(q) = -8*q + 13. List the prime factors of c(x).
3, 5
Suppose 6*q = q + 10. Suppose -3*s - 4*c = -11 - 5, 0 = 2*c - 2. Suppose -2*b - 66 = -2*x - 0*x, -q*x + s*b + 76 = 0. List the prime factors of x.
2, 7
Suppose 9*i + 2344 = -455. Let m = i + 540. What are the prime factors of m?
229
Let c = -16 + 18. Let o be (186/8)/((-6)/(-16)). Suppose 2*k - 13 = 4*j + 9, c*k + 4*j = o. What are the prime factors of k?
3, 7
Let l(t) = -66*t + 13. What are the prime factors of l(-2)?
5, 29
Suppose 1164 = 33*d + 141. What are the prime factors of d?
31
Let f be (-122)/4 + 9/(-18). Let l = f + 51. Suppose -5*z - l + 65 = 0. List the prime factors of z.
3
Suppose -33*g - 3668 = -37*g. List the prime factors of g.
7, 131
Let i(a) = 1. Let g(h) = -h - 4. Let r(q) = -g(q) - 4*i(q). Let o(x) = -x**2 - 9*x - 8. Let l(c) = -o(c) - 2*r(c). What are the prime factors of l(-8)?
2
Let n(o) = -o**3 + 16*o**2 + o - 16. Let f be n(16). Suppose f*k - 3 = -k. Suppose -k*i + 8*i = 175. List the prime factors of i.
5, 7
Let z(j) = j**2 - 3*j + 5. Let i be z(11). Suppose k - 5*u = i, 2*k + 5*u + 425 = 7*k. List the prime factors of k.
83
Let l be (4/(-6))/((-3)/9). Suppose -4*n - k = -103 - 28, -3*n + 3*k = -87. Suppose 4*c - v = n, -v - 14 = -l*c - 0*c. What are the prime factors of c?
3
Let u(q) = q**3 - 6*q**2 + 5*q + 3. Let w be u(5). Suppose 0*s + 3*s - 5*y - 304 = 0, 0 = 5*s - w*y - 528. What are the prime factors of s?
2, 3
Let d = 2 - 2. Let v = 17 - -53. Suppose d = -i - 4*i + v. What are the prime factors of i?
2, 7
Let m = 14 - 4. Let i(y) = y**3 - 10*y**2 + 14*y - 20. What are the prime factors of i(m)?
2, 3, 5
Suppose 0 = -4*d - 24. Let g be (0 - -1)*1 + 113. List the prime factors of ((-2)/d)/(2/g).
19
Let m = 111 + -81. Let k = 2034 - 3198. List the prime factors of k/(-45) + 4/m.
2, 13
Suppose 5*b - 277 = -67. Let c be 578/14 - 12/b. Let a = -27 + c. What are the prime factors of a?
2, 7
What are the prime factors of ((-12)/20)/(5/(-725))?
3, 29
List the prime factors of (-3)/18*-9*(-812)/(-6).
7, 29
Suppose -4812 = -3*u - 5*l, 55*u - 2*l = 60*u - 8020. List the prime factors of u.
2, 401
Suppose q - 4*u = -q + 20, 0 = 3*u + 12. Suppose -3*n + 5*n - 20 = -2*i, -4 = -2*n + q*i. Suppose -30 + n = -2*f. What are the prime factors of f?
2, 3
Suppose -23*v + 30 = -26*v. List the prime factors of (9*(-5)/v)/(1/10).
3, 5
Let g be 15*(3 + (-6)/3). Suppose -9*m = -12*m + g. What are the prime factors of m?
5
Let c = 7694 + -5338. What are the prime factors of c?
2, 19, 31
Let x(c) = -4153*c**3 + c**2 + 5*c + 3. What are the prime factors of x(-1)?
2, 3, 173
Let o(d) = -16*d + 171. List the prime factors of o(0).
3, 19
Let w = 75 + -95. Let v = 22 - 50. Let b = w - v. List the prime factors of b.
2
Let b = 247 + -229. List the prime factors of b.
2, 3
Suppose -3*k = -o + 349, -2*k = -7*k + 3*o - 579. Let f = -74 - k. What are the prime factors of f?
43
Let m(u) = 4*u**2 - 80*u - 38. List the prime factors of m(24).
2, 173
Let f = 435 + -192. What are the prime factors of f?
3
Suppose 2*d + 8*y - 3*y - 992 = 0, -d + 496 = -5*y. List the prime factors of d.
2, 31
Suppose 0 = -o + 5*o - 88. Let v = o + -18. What are the prime factors of ((-8)/3)/(v/(-18))?
2, 3
Suppose -7 = -3*f + l + 3, 12 = 5*f - 4*l. Suppose f*s = 2*s + 36. Suppose w = 3*w - s. What are the prime factors of w?
3
Let d = -5909 + 10178. What are the prime factors of d?
3, 1423
Let x(k) = 5*k + 1. Let u be x(-2). Let p = 21 - u. Suppose -2 = -v + p. List the prime factors of v.
2
Suppose 43*i + 114 = 44*i. What are the prime factors of i?
2, 3, 19
Let h(v) = -v**3 + v**2 - v - 20. Let z be h(0). What are the prime factors of z*((-35)/(-10))/(-1)?
2, 5, 7
Let q be (12/10)/(2/40). Let b = 26 - q. Suppose -2*t + 16 = b*t, -x = 5*t - 22. What are the prime factors of x?
2
Let a = -35 + 39. Suppose 4 = a*t, 2*t - 142 = 5*y + 20. Let h = -22 - y. List the prime factors of h.
2, 5
Let m be (-2*1/6)/(8/(-240)). List the prime factors of 4/m + (-9)/((-45)/1028).
2, 103
Let h be 1*13871 - (5 - 3). Let a be (-4)/18 - h/(-81). Suppose 5*o + y - a = 5*y, o - 32 = 3*y. What are the prime factors of o?
5, 7
Suppose -263650 = -7*l - 43*l. What are the prime factors of l?
5273
Suppose -3*h - 130 = -h. Let x = h - -258. List the prime factors of x.
193
Suppose -8*a + 35231 - 2855 = 0. What are the prime fact